{"id":2949,"date":"2024-10-25T18:26:07","date_gmt":"2024-10-25T16:26:07","guid":{"rendered":"https:\/\/latorredelcodina.com\/producte\/casa-rural-la-torre-del-codina\/"},"modified":"2026-01-13T00:22:50","modified_gmt":"2026-01-12T22:22:50","slug":"casa-rural-la-torre-del-codina","status":"publish","type":"product","link":"https:\/\/latorredelcodina.com\/es\/producte\/casa-rural-la-torre-del-codina\/","title":{"rendered":"Casa Rural La Torre del Codina"},"content":{"rendered":"<blockquote><p><strong>Reservar con adelanto:<\/strong><br \/>\nPara pagos en l\u00ednea se abonar\u00e1 el 25% del total de la reserva. El saldo se pagar\u00e1 al llegar a la casa rural. <\/p><\/blockquote>\n<h2>Tarifas<\/h2>\n<p>Temporada normal. Iva Incluido. Estancia m\u00ednima dos noches.  <\/p>\n<ul>\n<li>Fin de semana\/dos noches: <strong>\u20ac 975,00<\/strong><\/li>\n<li>Semana entera: <strong>\u20ac 1.950,00<\/strong><\/li>\n<li>Una noche\/d\u00eda entre semana: <strong>\u20ac 350,00<\/strong><\/li>\n<li>Una noche m\u00e1s: <strong>\u20ac 300,00<\/strong><\/li>\n<li>Una noche m\u00e1s festiva: <strong>\u20ac 400,00<\/strong><\/li>\n<\/ul>\n<p>Temporada alta: Semana Santa, San Juan, Feria del Teatro, Navidad y Fin de a\u00f1o.<\/p>\n<h2>Descripci\u00f3n<\/h2>\n<ul>\n<li>6 Habitaciones, 12 \/ 15 plazas<\/li>\n<li>Estancia m\u00ednima: dos noches<\/li>\n<li>Puentes y festivos entre semana m\u00ednimo tres noches<\/li>\n<li>Temporada alta: Fiestas de Navidad y Fin de a\u00f1o, Semana Santa, San Juan<\/li>\n<li>Una o dos noches entre semana, no festivo, a consultar<\/li>\n<li>Por 2\/3 habitaciones &lt; 8 personas: Consultar Tarifa<\/li>\n<\/ul>\n<h2>Incluye<\/h2>\n<ul>\n<li>Casa entera y entorno<\/li>\n<li>Le\u00f1a para chimenea<strong>*<\/strong><\/li>\n<li>Uso del horno de pan, le\u00f1a incluida<strong>*<\/strong><\/li>\n<li>Carb\u00f3n para la barbacoa*<\/li>\n<li>Saco Carb\u00f3n Encina Barbacoa de 7 kg: \u20ac 20<\/li>\n<li>Saco Carb\u00f3n Barbacoa de 3 kg: \u20ac 7<\/li>\n<li>Le\u00f1a de encina para chimenea: \u20ac 35<\/li>\n<li>Juego b\u00e1sico de cocina (aceite, sal, vinagre, az\u00facar)<\/li>\n<li>Kit b\u00e1sico de limpieza (personal y de cocina)<\/li>\n<li>Ropa de cama y toallas<\/li>\n<li>Interpretaci\u00f3n guiada de la casa<\/li>\n<li>Posibilidad de gestionar servicio de catering y gu\u00eda tur\u00edstica<strong>*<\/strong><\/li>\n<\/ul>\n<p><strong>*<\/strong>Consultar precios.<\/p>\n","protected":false},"excerpt":{"rendered":"<p>Reservar con adelanto: Para pagos en l\u00ednea se abonar\u00e1 el 25% del total de la reserva. El saldo se pagar\u00e1 al llegar a la casa rural. Tarifas Temporada normal. Iva Incluido. Estancia m\u00ednima dos noches. Fin de semana\/dos noches: \u20ac 975,00 Semana entera: \u20ac 1.950,00 Una noche\/d\u00eda entre semana: \u20ac 350,00 Una noche m\u00e1s: \u20ac [&hellip;]<\/p>\n","protected":false},"featured_media":1178,"comment_status":"closed","ping_status":"closed","template":"","meta":{"_acf_changed":false},"product_brand":[],"product_cat":[50],"product_tag":[],"class_list":{"0":"post-2949","1":"product","2":"type-product","3":"status-publish","4":"has-post-thumbnail","6":"product_cat-sense-categoria-es","8":"first","9":"instock","10":"sold-individually","11":"taxable","12":"shipping-taxable","13":"purchasable","14":"product-type-jet_booking"},"acf":[],"_links":{"self":[{"href":"https:\/\/latorredelcodina.com\/es\/wp-json\/wp\/v2\/product\/2949","targetHints":{"allow":["GET"]}}],"collection":[{"href":"https:\/\/latorredelcodina.com\/es\/wp-json\/wp\/v2\/product"}],"about":[{"href":"https:\/\/latorredelcodina.com\/es\/wp-json\/wp\/v2\/types\/product"}],"replies":[{"embeddable":true,"href":"https:\/\/latorredelcodina.com\/es\/wp-json\/wp\/v2\/comments?post=2949"}],"wp:featuredmedia":[{"embeddable":true,"href":"https:\/\/latorredelcodina.com\/es\/wp-json\/wp\/v2\/media\/1178"}],"wp:attachment":[{"href":"https:\/\/latorredelcodina.com\/es\/wp-json\/wp\/v2\/media?parent=2949"}],"wp:term":[{"taxonomy":"product_brand","embeddable":true,"href":"https:\/\/latorredelcodina.com\/es\/wp-json\/wp\/v2\/product_brand?post=2949"},{"taxonomy":"product_cat","embeddable":true,"href":"https:\/\/latorredelcodina.com\/es\/wp-json\/wp\/v2\/product_cat?post=2949"},{"taxonomy":"product_tag","embeddable":true,"href":"https:\/\/latorredelcodina.com\/es\/wp-json\/wp\/v2\/product_tag?post=2949"}],"curies":[{"name":"wp","href":"https:\/\/api.w.org\/{rel}","templated":true}]}}

<blockquote><p><strong>Reservar con adelanto:</strong><br />
Para pagos en línea se abonará el 25% del total de la reserva. El saldo se pagará al llegar a la casa rural. </p></blockquote>
<h2>Tarifas</h2>
<p>Temporada normal. Iva Incluido. Estancia mínima dos noches.  </p>
<ul>
<li>Fin de semana/dos noches: <strong>€ 975,00</strong></li>
<li>Semana entera: <strong>€ 1.950,00</strong></li>
<li>Una noche/día entre semana: <strong>€ 350,00</strong></li>
<li>Una noche más: <strong>€ 300,00</strong></li>
<li>Una noche más festiva: <strong>€ 400,00</strong></li>
</ul>
<p>Temporada alta: Semana Santa, San Juan, Feria del Teatro, Navidad y Fin de año.</p>
<h2>Descripción</h2>
<ul>
<li>6 Habitaciones, 12 / 15 plazas</li>
<li>Estancia mínima: dos noches</li>
<li>Puentes y festivos entre semana mínimo tres noches</li>
<li>Temporada alta: Fiestas de Navidad y Fin de año, Semana Santa, San Juan</li>
<li>Una o dos noches entre semana, no festivo, a consultar</li>
<li>Por 2/3 habitaciones &lt; 8 personas: Consultar Tarifa</li>
</ul>
<h2>Incluye</h2>
<ul>
<li>Casa entera y entorno</li>
<li>Leña para chimenea<strong>*</strong></li>
<li>Uso del horno de pan, leña incluida<strong>*</strong></li>
<li>Carbón para la barbacoa*</li>
<li>Saco Carbón Encina Barbacoa de 7 kg: € 20</li>
<li>Saco Carbón Barbacoa de 3 kg: € 7</li>
<li>Leña de encina para chimenea: € 35</li>
<li>Juego básico de cocina (aceite, sal, vinagre, azúcar)</li>
<li>Kit básico de limpieza (personal y de cocina)</li>
<li>Ropa de cama y toallas</li>
<li>Interpretación guiada de la casa</li>
<li>Posibilidad de gestionar servicio de catering y guía turística<strong>*</strong></li>
</ul>
<p><strong>*</strong>Consultar precios.</p>

<p>Reservar con adelanto: Para pagos en línea se abonará el 25% del total de la reserva. El saldo se pagará al llegar a la casa rural. Tarifas Temporada normal. Iva Incluido. Estancia mínima dos noches. Fin de semana/dos noches: € 975,00 Semana entera: € 1.950,00 Una noche/día entre semana: € 350,00 Una noche más: € [&hellip;]</p>
